. List the prime factors of t.
31
Suppose -4 - 2 = -2*k. Suppose 3*h - 87 = k. List the prime factors of h.
2, 3, 5
Let f be 362/6 + 6/(-18). Suppose -3*v + f = 3*c, -42 = -4*c + v + 33. List the prime factors of c.
19
Let j = 33 + -20. Let r = j - 16. List the prime factors of (1 - r)*(-57)/(-6).
2, 19
Suppose 3*h - 4*h + 5 = 0. Suppose 5*z = -10, -2*b + h*z = -5*b - 4. List the prime factors of (b + 36/(-8))*-6.
3, 5
Let r(a) = -6 - 9*a**3 - 2*a**2 + 2 + 0*a**2. List the prime factors of r(-2).
2, 3, 5
Suppose 10*m - 1576 - 824 = 0. List the prime factors of m.
2, 3, 5
Suppose 3*q - 18 = 2*w - 5*w, 0 = -5*q - 4*w + 28. Suppose q*x - 470 = -x. Let d = x + -43. List the prime factors of d.
3, 17
Let d(z) = 3*z**2 + 2*z**2 + 55 + 46 - z**3 + z - 99. What are the prime factors of d(5)?
7
Suppose -2*m + 140 = 5*m. Suppose -m*s - 1080 = -26*s. List the prime factors of s.
2, 3, 5
Suppose 2*h - 25 = -3*h, 3*w - 142 = h. Suppose 0 = 4*f - 449 + w. What are the prime factors of f?
2, 5
Let f(y) = 27*y**2 - y - 2. Let u(w) = 28*w**2 - 2*w - 1. Let z(r) = 3*f(r) - 2*u(r). What are the prime factors of z(-2)?
2, 47
Suppose 42*a - 38*a + 1360 = 0. Let m = a + 542. What are the prime factors of m?
2, 101
Suppose -30 = -6*b + b. List the prime factors of -2 + 141*2/b.
3, 5
Let x = -17 - -17. Let h(y) = -y**3 - y**2 + 2*y + 98. What are the prime factors of h(x)?
2, 7
Suppose a - 261 = 3*u + 1760, 0 = -2*u + 8. List the prime factors of a.
19, 107
Let c(u) = 5*u**2 - 40*u + 47. List the prime factors of c(16).
3, 229
Let x = 43 - 40. Suppose -84 - 90 = -x*b. List the prime factors of b.
2, 29
Let h = -46 + 67. Let c = h + -18. Suppose s = 26 - c. List the prime factors of s.
23
Let d(k) = -k**2 - k + 8. Let p be d(-9). Let j be (p/5)/((-10)/75). Suppose -5*r + 180 = -2*v, -2*r - 2*v + j = 2*v. What are the prime factors of r?
2, 19
Suppose 5*n + 0*n = -60. Let l be (1/(-2))/(3/n). List the prime factors of (-17)/(-2) + (-1)/l.
2
Let c = 302 + 307. What are the prime factors of c?
3, 7, 29
Suppose -142*v + 297330 = -40*v. List the prime factors of v.
5, 11, 53
Suppose -3*d + 7517 = 4*p, -3*d + 2205 = p + 319. What are the prime factors of p?
1877
Let n(h) = -h**3 + 10*h**2 - 11*h + 13. Let t = -44 + 50. What are the prime factors of n(t)?
7, 13
Suppose -3*h + 7*h - 2*r - 1622 = 0, -2038 = -5*h - r. List the prime factors of h.
11, 37
Suppose -6 = 3*k - 0*k. Let q be (-8)/5*5/k. Suppose -q*m + 96 = -0*m. List the prime factors of m.
2, 3
Let u(m) = 7*m**2 - 35*m + 85. Let k(a) = -10*a**2 + 52*a - 127. Let p(b) = -5*k(b) - 7*u(b). What are the prime factors of p(12)?
2
What are the prime factors of ((-2)/5)/(37794/3780 + -10)?
2, 3, 7
Suppose 0 = -2*z - 10 + 4, 4*w - 705 = -z. List the prime factors of w.
3, 59
Suppose -5*t - 2*j + 773 = 4, 5*t - 5*j = 790. Suppose -17 + 99 = -2*p - 4*r, 4*p + t = r. Let g = -25 - p. What are the prime factors of g?
2, 7
Suppose v - 943 - 2864 = -4*y, -y + 936 = -5*v. List the prime factors of y.
3, 317
Suppose i + 5*u - 76 = 0, 3*i - u - 199 = -i. Suppose -30 - i = -3*r. List the prime factors of r.
3
Suppose 0*c + 17 = 4*h - 3*c, c = 5. Suppose 9*n = h*n. Suppose 18 = a - n*a. List the prime factors of a.
2, 3
Suppose -6*o = -19 + 1. Suppose o*h = 2*g - 233, 0 = -2*g - 2*h + 4*h + 232. What are the prime factors of g?
5, 23
Let k(n) = 2*n**2 - 9. Let w = 11 + 3. Suppose -4*v = -2 - w. List the prime factors of k(v).
23
Let o be -4 + (6 + -3 - -61). Suppose o = d - 69. List the prime factors of d.
3, 43
Suppose 3*u - 5*u = -10. Suppose -4*w = 3*n - 238, -4*n = -2*n + u*w - 154. List the prime factors of n.
2, 41
Let r be 2947/(-28) - 1/(-4). Let g be r/33 + 4/22. Let s(h) = -7*h. What are the prime factors of s(g)?
3, 7
Let h = -18 + 14. Let g(v) = v**2 + 2*v - 5. Let q be g(h). Suppose -f - q*f + 124 = 0. List the prime factors of f.
31
Let m(c) be the second derivative of 5*c**2 - 2*c + 7/12*c**4 + 0 - 1/20*c**5 + 1/3*c**3. List the prime factors of m(7).
2, 3
Let a be 1 + 3/(-9)*3. Suppose -y = -a*y. Suppose -3*b - 3*u = -y*b - 153, 5*b + 4*u = 252. What are the prime factors of b?
2, 3
Let r(f) = -15 + 10*f - f**2 + 7*f**2 - 4*f**2. List the prime factors of r(-10).
5, 17
Let l = -35 + 42. Suppose -l - 17 = -j. What are the prime factors of j?
2, 3
List the prime factors of ((-90)/(-105))/(2/77).
3, 11
Suppose -2*j - 1 = -11. Suppose 0 = h + 4, j*t - 4*h + 190 = h. Let p = t + 75. List the prime factors of p.
3, 11
Let u(o) = -o**3 - 8*o**2 + 2. Let z be u(-8). Let q be 5 - -2 - (5 - z). What are the prime factors of 4*(0 + 37/q)?
37
Let t = 224 + -187. List the prime factors of t.
37
List the prime factors of (6 - 7163/65)/(2/(-70)).
7, 521
Let c be 0 - (-12)/27 - (-56)/(-126). Let y be 1 + (1 + 1 - 1). Suppose -q + 31 = 3*m, c*q = y*q + m - 72. What are the prime factors of q?
37
Let l = 321 + -94. What are the prime factors of l?
227
Let w(n) = n**3 + 6*n**2. Let i(k) = 3*k + 6. Let u be i(-4). Let r be w(u). What are the prime factors of (r + -2)/(6/(-9))?
3
Suppose -4*h + 15 = -21. List the prime factors of 24/h + ((-24)/9 - -2).
2
Suppose 2*f - 286 = 182. Suppose l + 0*m = -4*m + f, 0 = -l + m + 254. What are the prime factors of l?
2, 5
Let u(r) be the second derivative of 3*r**4/4 - 7*r**3/6 - 10*r**2 + 36*r. List the prime factors of u(-4).
2, 19
Suppose -1387 - 1208 = -5*h. What are the prime factors of h?
3, 173
Let f(v) = 68*v**2 - 4. Let w(y) = 68*y**2 - 5. Let n(p) = 5*f(p) - 4*w(p). Let u be n(1). Suppose -5*j + u = -22. What are the prime factors of j?
2, 3
Suppose 5*l + 1126 = -3*m + 3920, 5*m = 4*l + 4632. Suppose -28*o + m = -20*o. What are the prime factors of o?
2, 29
Suppose 10*v - 135 = 7*v. Suppose 5*n - 261 = -4*f, -f + 24 = 2*n - v. What are the prime factors of f?
59
Let o be -10*(140/(-8) + 3/1). Suppose -3*z + o = 2*z. List the prime factors of z.
29
Let r(z) = -z**3 + 41*z**2 + 44*z + 360. List the prime factors of r(42).
2, 3, 37
Let t(g) = 2*g - 1. Let n be t(2). Suppose 5*s - n*i = -15 + 334, -112 = -2*s - 4*i. Suppose -d + 22 = -a, d + a - s = -2*d. List the prime factors of d.
3, 7
Let a(m) = -113*m + 25. What are the prime factors of a(-4)?
3, 53
Suppose -7*a = n - 2*a - 66, 4*a = -3*n + 198. Let q be (-2*n)/(-4)*1. Let j = q - 6. List the prime factors of j.
3
Let p = 2826 + -2181. List the prime factors of p.
3, 5, 43
Suppose 9*u = 11082 + 3489. What are the prime factors of u?
1619
Suppose b + h = -0*h, -3*b + 2*h = -10. Let p(s) = 2*s**b - 3*s**2 + 3 + 12*s + 12. List the prime factors of p(11).
2, 13
Suppose -2*m = 2*m + 5*z + 44, 2*z = 2*m + 22. Let q(l) = l**3 + 12*l**2 + 8*l - 3. List the prime factors of q(m).
2, 3, 5
Let f be -1*1/(-1)*9. Suppose 0 = 2*k - f - 3. List the prime factors of k/(-18) - (-165)/9.
2, 3
Suppose -3828 = -2*j - 4*i + 176, -3*i = j - 2000. What are the prime factors of j?
2, 17, 59
Suppose 133 + 7 = 4*n. Suppose 9 = -p + n. Let a = p - 23. List the prime factors of a.
3
Let o(c) = -4*c + 12. Let g be o(-9). Suppose -50*b + 80 = -g*b. What are the prime factors of b?
2, 5
Suppose -2*t - 6*t + 4496 = 0. What are the prime factors of t?
2, 281
Let q(z) be the second derivative of 13*z**3/6 - z**2 + 20*z. What are the prime factors of q(5)?
3, 7
Let l(x) = -26*x + 8. Let g = 10 - 6. Let y be l(g). Let k = -39 - y. What are the prime factors of k?
3, 19
Let s = 2473 - 1715. List the prime factors of s.
2, 379
Suppose 3 = -2*c + 13. Suppose 5*l + 746 - 276 = 5*k, 0 = c*l + 5. List the prime factors of k.
3, 31
Suppose -5*b = 4*x - 1028, 4*b + x = 324 + 505. List the prime factors of b.
2, 13
Suppose -5*t + 103*o = 104*o - 935, 3*t + 4*o - 578 = 0. List the prime factors of t.
2, 3, 31
Suppose g - 4*g = 33. Let w(m) be the second derivative of m**5/20 + m**4 + 7*m**3/6 - 5*m**2 - 7*m. What are the prime factors of w(g)?
2, 17
Let r = 23 - 20. Let i = r - 1. Suppose 4*y - 88 = i*y. List the prime factors of y.
2, 11
Let b = -49 + 369. List the prime factors of b.
2, 5
Let c(j) be the first derivative of -5*j**2 + 5*j - 6. What are the prime factors of c(-13)?
3, 5
Suppose -2*n = -5*p - 1 + 18, n + p - 9 = 0. Suppose -n*q + 684 = -t, -2*q = 5*t - 1 - 363. What are the prime factors of q?
2, 43
Let t(z) = z**2 + 5*z - 12. Let c be t(-7). Suppose c*w + 6 = 10